{"id":86,"date":"2016-03-08T20:35:29","date_gmt":"2016-03-08T20:35:29","guid":{"rendered":"http:\/\/2016.thomas-schuette-stiftung.de\/en\/?page_id=86"},"modified":"2022-10-05T14:46:05","modified_gmt":"2022-10-05T14:46:05","slug":"legal-notes","status":"publish","type":"page","link":"https:\/\/thomas-schuette-stiftung.de\/en\/legal-notes\/","title":{"rendered":"Legal Notes"},"content":{"rendered":"<h3>Publisher<\/h3>\n<p>Thomas Sch\u00fctte Stiftung<br \/>\nF\u00fcrstenplatz 5<br \/>\n40215 D\u00fcsseldorf<br \/>\nTel. + 49 211 37 61 73<br \/>\nFax + 49 211 37 25 67<br \/>\nTax ID.: 106\/5756\/2982<\/p>\n<h3>Editor<\/h3>\n<p>Thomas Sch\u00fctte Stiftung<br \/>\nF\u00fcrstenplatz 5<br \/>\n40215 D\u00fcsseldorf<br \/>\nTel. + 49 211 99 43 578<br \/>\n<a href=\"mailto:mail@thomas\">mail@thomas-schuette-stiftung.de<\/a><\/p>\n<h3>Design<\/h3>\n<p>Anna Wesek, Buchtypo<br \/>\n<a href=\"http:\/\/www.buchtypo.de\/\">www.buchtypo.de<\/a><\/p>\n<h3>Realisation<\/h3>\n<p>Ulrich Richter<br \/>\nmail@ulirichter.de<\/p>\n<h3>Translation<\/h3>\n<p>Celia Brown<br \/>\nIshbel Flett<\/p>\n<h3>Image copyright<\/h3>\n<p>If not otherwise specified, the copyright for the works are in the keeping of the relevant artists and for the photographs with the announced photographers themselves.<\/p>\n","protected":false},"excerpt":{"rendered":"<p>Publisher Thomas Sch\u00fctte Stiftung F\u00fcrstenplatz 5 40215 D\u00fcsseldorf Tel. + 49 211 37 61 73 Fax + 49 211 37 25 67 Tax ID.: 106\/5756\/2982 Editor Thomas Sch\u00fctte Stiftung F\u00fcrstenplatz 5 40215 D\u00fcsseldorf Tel. + 49 211 99 43 578 mail@thomas-schuette-stiftung.de Design Anna Wesek, Buchtypo www.buchtypo.de Realisation Ulrich Richter mail@ulirichter.de Translation Celia Brown Ishbel Flett [&hellip;]<\/p>\n","protected":false},"author":2,"featured_media":160,"parent":0,"menu_order":7,"comment_status":"closed","ping_status":"closed","template":"","meta":{"_acf_changed":false,"footnotes":""},"class_list":["post-86","page","type-page","status-publish","has-post-thumbnail","hentry"],"acf":[],"_links":{"self":[{"href":"https:\/\/thomas-schuette-stiftung.de\/en\/wp-json\/wp\/v2\/pages\/86","targetHints":{"allow":["GET"]}}],"collection":[{"href":"https:\/\/thomas-schuette-stiftung.de\/en\/wp-json\/wp\/v2\/pages"}],"about":[{"href":"https:\/\/thomas-schuette-stiftung.de\/en\/wp-json\/wp\/v2\/types\/page"}],"author":[{"embeddable":true,"href":"https:\/\/thomas-schuette-stiftung.de\/en\/wp-json\/wp\/v2\/users\/2"}],"replies":[{"embeddable":true,"href":"https:\/\/thomas-schuette-stiftung.de\/en\/wp-json\/wp\/v2\/comments?post=86"}],"version-history":[{"count":24,"href":"https:\/\/thomas-schuette-stiftung.de\/en\/wp-json\/wp\/v2\/pages\/86\/revisions"}],"predecessor-version":[{"id":6417,"href":"https:\/\/thomas-schuette-stiftung.de\/en\/wp-json\/wp\/v2\/pages\/86\/revisions\/6417"}],"wp:featuredmedia":[{"embeddable":true,"href":"https:\/\/thomas-schuette-stiftung.de\/en\/wp-json\/wp\/v2\/media\/160"}],"wp:attachment":[{"href":"https:\/\/thomas-schuette-stiftung.de\/en\/wp-json\/wp\/v2\/media?parent=86"}],"curies":[{"name":"wp","href":"https:\/\/api.w.org\/{rel}","templated":true}]}}

<h3>Publisher</h3>
<p>Thomas Schütte Stiftung<br />
Fürstenplatz 5<br />
40215 Düsseldorf<br />
Tel. + 49 211 37 61 73<br />
Fax + 49 211 37 25 67<br />
Tax ID.: 106/5756/2982</p>
<h3>Editor</h3>
<p>Thomas Schütte Stiftung<br />
Fürstenplatz 5<br />
40215 Düsseldorf<br />
Tel. + 49 211 99 43 578<br />
<a href="mailto:mail@thomas">mail@thomas-schuette-stiftung.de</a></p>
<h3>Design</h3>
<p>Anna Wesek, Buchtypo<br />
<a href="http://www.buchtypo.de/">www.buchtypo.de</a></p>
<h3>Realisation</h3>
<p>Ulrich Richter<br />
mail@ulirichter.de</p>
<h3>Translation</h3>
<p>Celia Brown<br />
Ishbel Flett</p>
<h3>Image copyright</h3>
<p>If not otherwise specified, the copyright for the works are in the keeping of the relevant artists and for the photographs with the announced photographers themselves.</p>

<p>Publisher Thomas Schütte Stiftung Fürstenplatz 5 40215 Düsseldorf Tel. + 49 211 37 61 73 Fax + 49 211 37 25 67 Tax ID.: 106/5756/2982 Editor Thomas Schütte Stiftung Fürstenplatz 5 40215 Düsseldorf Tel. + 49 211 99 43 578 mail@thomas-schuette-stiftung.de Design Anna Wesek, Buchtypo www.buchtypo.de Realisation Ulrich Richter mail@ulirichter.de Translation Celia Brown Ishbel Flett [&hellip;]</p>
